What is the ten thousands digit of 82289?
8
What is the hundreds digit of 49723?
7
What is the tens digit of 1106?
0
What is the tens digit of 1363?
6
What is the units digit of 638?
8
What is the tens digit of 13603?
0
What is the units digit of 1363?
3
What is the thousands digit of 5336?
5
What is the tens digit of 82053?
5
What is the units digit of 788?
8
What is the hundreds digit of 56108?
1
What is the hundreds digit of 408?
4
What is the units digit of 54290?
0
What is the tens digit of 5583?
8
What is the hundreds digit of 47794?
7
What is the ten thousands digit of 15054?
1
What is the tens digit of 87476?
7
What is the tens digit of 1028?
2
What is the units digit of 62879?
9
What is the units digit of 2351?
1
What is the units digit of 523?
3
What is the tens digit of 60815?
1
What is the hundreds digit of 25148?
1
What is the tens digit of 115604?
0
What is the tens digit of 151?
5
What is the units digit of 978?
8
What is the tens digit of 2768?
6
What is the units digit of 3174?
4
What is the hundreds digit of 2698?
6
What is the tens digit of 89?
8
What is the hundreds digit of 7543?
5
What is the thousands digit of 1006?
1
What is the units digit of 1484?
4
What is the tens digit of 5565?
6
What is the units digit of 531?
1
What is the thousands digit of 58402?
8
What is the ten thousands digit of 13418?
1
What is the tens digit of 434?
3
What is the hundreds digit of 179067?
0
What is the tens digit of 4360?
6
What is the ten thousands digit of 138124?
3
What is the hundreds digit of 496?
4
What is the hundreds digit of 9324?
3
What is the hundreds digit of 470?
4
What is the hundreds digit of 3354?
3
What is the units digit of 33810?
0
What is the tens digit of 1325?
2
What is the hundreds digit of 1830?
8
What is the tens digit of 15166?
6
What is the units digit of 108075?
5
What is the thousands digit of 109441?
9
What is the units digit of 853?
3
What is the units digit of 10826?
6
What is the tens digit of 625?
2
What is the thousands digit of 15889?
5
What is the units digit of 6309?
9
What is the thousands digit of 21357?
1
What is the hundreds digit of 3584?
5
What is the thousands digit of 3214?
3
What is the hundreds digit of 16458?
4
What is the hundreds digit of 942?
9
What is the tens digit of 17839?
3
What is the units digit of 26808?
8
What is the hundreds digit of 898?
8
What is the tens digit of 5860?
6
What is the hundreds digit of 463?
4
What is the tens digit of 40501?
0
What is the tens digit of 735?
3
What is the tens digit of 186?
8
What is the tens digit of 826?
2
What is the thousands digit of 13480?
3
What is the units digit of 2062?
2
What is the thousands digit of 61108?
1
What is the tens digit of 1905?
0
What is the hundreds digit of 4137?
1
What is the hundreds digit of 3835?
8
What is the tens digit of 622?
2
What is the units digit of 528?
8
What is the hundreds digit of 1178?
1
What is the units digit of 4078?
8
What is the hundreds digit of 968?
9
What is the units digit of 2?
2
What is the units digit of 115914?
4
What is the units digit of 521?
1
What is the thousands digit of 153221?
3
What is the units digit of 49?
9
What is the hundreds digit of 128?
1
What is the hundreds digit of 1189?
1
What is the units digit of 4386?
6
What is the units digit of 17860?
0
What is the units digit of 20986?
6
What is the ten thousands digit of 78440?
7
What is the tens digit of 687?
8
What is the tens digit of 2447?
4
What is the ten thousands digit of 43147?
4
What is the tens digit of 1189?
8
What is the tens digit of 42?
4
What is the thousands digit of 85688?
5
What is the ten thousands digit of 22809?
2
What is the thousands digit of 17335?
7
What is the tens digit of 49269?
6
What is the tens digit of 1059?
5
What is the hundreds digit of 4146?
1
What is the ten thousands digit of 26713?
2
What is the tens digit of 11303?
0
What is the thousands digit of 1927?
1
What is the hundreds digit of 6739?
7
What is the hundreds digit of 859?
8
What is the tens digit of 62780?
8
What is the thousands digit of 3948?
3
What is the hundreds digit of 43464?
4
What is the hundreds digit of 35230?
2
What is the ten thousands digit of 31465?
3
What is the hundred thousands digit of 156252?
1
What is the thousands digit of 1151?
1
What is the tens digit of 1752?
5
What is the hundreds digit of 10187?
1
What is the units digit of 57383?
3
What is the thousands digit of 1758?
1
What is the tens digit of 608?
0
What is the units digit of 2498?
8
What is the units digit of 985?
5
What is the thousands digit of 53902?
3
What is the thousands digit of 25538?
5
What is the units digit of 608?
8
What is the units digit of 15726?
6
What is the units digit of 696?
6
What is the thousands digit of 6115?
6
What is the hundreds digit of 10693?
6
What is the units digit of 918?
8
What is the ten thousands digit of 40896?
4
What is the hundreds digit of 25640?
6
What is the tens digit of 7557?
5
What is the units digit of 800?
0
What is the tens digit of 6514?
1
What is the hundreds digit of 830?
8
What is the ten thousands digit of 14862?
1
What is the thousands digit of 9772?
9
What is the units digit of 4543?
3
What is the ten thousands digit of 10318?
1
What is the tens digit of 504?
0
What is the units digit of 14174?
4
What is the thousands digit of 2062?
2
What is the thousands digit of 96899?
6
What is the hundreds digit of 28237?
2
What is the hundreds digit of 90525?
5
What is the thousands digit of 10098?
0
What is the hundreds digit of 16372?
3
What is the tens digit of 21172?
7
What is the thousands digit of 100949?
0
What is the hundreds digit of 158?
1
What is the units digit of 43377?
7
What is the hundreds digit of 15831?
8
What is the hundreds digit of 128?
1
What is the thousands digit of 24421?
4
What is the hundreds digit of 1308?
3
What is the ten thousands digit of 101448?
0
What is the units digit of 3136?
6
What is the tens digit of 3809?
0
What is the units digit of 466?
6
What is the thousands digit of 46235?
6
What is the tens digit of 833?
3
What is the units digit of 834?
4
What is the hundreds digit of 5659?
6
What is the thousands digit of 8587?
8
What is the tens digit of 79826?
2
What is the units digit of 2282?
2
What is the thousands digit of 31522?
1
What is the tens digit of 18731?
3
What is the tens digit of 275?
7
What is the tens digit of 31?
3
What is the tens digit of 786?
8
What is the hundreds digit of 549?
5
What is the tens digit of 1154?
5
What is the units digit of 837?
7
What is the tens digit of 71202?
0
What is the units digit of 543?
3
What is the tens digit of 43081?
8
What is the thousands digit of 3630?
3
What is the units digit of 4477?
7
What is the units digit of 9532?
2
What is the thousands digit of 1313?
1
What is the tens digit of 83108?
0
What is the thousands digit of 2473?
2
What is the hundreds digit of 2070?
0
What is the hundreds digit of 5395?
3
What is the units digit of 133819?
9
What is the tens digit of 1742?
4
What is the tens digit of 9314?
1
What is the units digit of 11?
1
What is the hundreds digit of 4577?
5
What is the tens digit of 2419?
1
What is the tens digit of 7188?
8
What is the units digit of 4937?
7
What is the hundreds digit of 19296?
2
What is the units digit of 115450?
0
What is the tens digit of 1054?
5
What is the units digit of 4669?
9
What is the units digit of 99?
9
What is the hundreds digit of 327?
3
What is the tens digit of 307?
0
What is the hundreds digit of 3598?
5
What is the tens digit of 7637?
3
What is the tens digit of 31177?
7
What is the units digit of 8985?
5
What is the thousands digit of 96845?
6
What is the tens digit of 964?
6
What is the tens digit of 2195?
9
What is the hundreds digit of 1178?
1
What is the thousands digit of 22969?
2
What is the tens digit of 5233?
3
What is the ten thousands digit of 63204?
6
What is the tens digit of 466?
6
What is the tens digit of 690?
9
What is the tens digit of 8315?
1
What is the hundreds digit of 709?
7
What is the hundreds digit of 6398?
3
What is the units digit of 570?
0
What is the thousands digit of 7056?
7
What is the tens digit of 6540?
4
What is the units digit of 1179?
9
What is the units digit of 78002?
2
What is the tens digit of 1676?
7
What is the 